 f.
2, 7
Suppose -312 = -5*a - d, -5*a + d + 197 = -111. List the prime factors of a.
2, 31
Suppose 0*i - 5*i = 145. Let g = -43 - i. Let t = -9 - g. What are the prime factors of t?
5
Suppose 4*j + 52 = 4*l, l + 0*j - 1 = 4*j. Let u = l + -8. List the prime factors of u.
3
Let m(g) = -g**2 + 4*g + 4. Let h be m(4). Suppose 2*q = -2*q. Suppose q = 2*l - h. What are the prime factors of l?
2
Suppose 0 = -4*l + 2*d + 22, -4*d + 5*d - 7 = -4*l. Let a(g) = 5*g**2. Let f(p) = 4*p**2. Let n(j) = -3*a(j) + 4*f(j). List the prime factors of n(l).
3
Let i(s) be the first derivative of -s**2/2 + 33*s + 4. Let a be i(0). Suppose -3*f + 44 = -k, 3*f + 2*k = a + 5. List the prime factors of f.
2, 7
Let v be (-1)/(-3) + 4/6. Let f(x) = 4*x**3 + 4*x**2 - 3*x. Let d(q) = -q**2 + q. Let b(u) = 2*d(u) + f(u). List the prime factors of b(v).
5
Let j be 0/(-2 + 2 - -1). Suppose 3*t = t. Suppose 0 = 3*f - z - 35, j = 2*f - t*z - 4*z - 40. List the prime factors of f.
2, 5
Let b be 0/(-2)*2/4. Suppose 20 = -b*r - 5*r. Let x = 6 - r. What are the prime factors of x?
2, 5
List the prime factors of (-219)/(-4) + 8/32.
5, 11
Suppose 3*k = -k + 12. Let q = k - 3. Suppose q*b + 41 = 3*b + 5*p, 2*b - 22 = -2*p. What are the prime factors of b?
7
Suppose 69 + 102 = 3*h. Suppose -4*w + w = -h. What are the prime factors of w?
19
Let x(f) be the first derivative of f**4/4 + f**3 - 2*f + 2. List the prime factors of x(-2).
2
Let b(r) = 11*r**3 + 3*r**2 - r + 1. List the prime factors of b(2).
3, 11
List the prime factors of 0 - (-504)/2 - (27 - 25).
2, 5
Let q = 16 - 11. Suppose -2 = h - q. Let y = h + 15. What are the prime factors of y?
2, 3
Suppose -2*f + 552 = 4*k - 462, -5*f + 1275 = 5*k. What are the prime factors of k?
2, 3, 7
Suppose c - 6*c = -20. Suppose -o = c*o + 5. What are the prime factors of 2 + -2 + (o - -3)?
2
Let z(s) = 5*s. Let x(t) = -5*t - 1. Let h(n) = -5*x(n) - 6*z(n). What are the prime factors of h(-4)?
5
Let b be 62/6 + 2/3. What are the prime factors of (b - (6 - 3)) + 0?
2
Let o = 5 - -3. What are the prime factors of o?
2
Let d(p) = 4*p - 1. Let u be d(-2). What are the prime factors of (-51)/u - 2/(-6)?
2, 3
Suppose -2*d + 4*p - 4 = 0, -3*d = -2*p + 3*p - 1. Suppose -5*z - 4*f = -d*f - 14, -z - f = -2. Suppose -k + 0*k = -z. What are the prime factors of k?
2, 3
Suppose -6*h = -8*h + 4. What are the prime factors of 25 - 2/h*-1?
2, 13
Suppose 4*n + 0*q - q = 8, n + 17 = 5*q. Suppose -n*x - 68 = -r, -5*x = 4*r - x - 208. What are the prime factors of r/12*18/7?
2, 3
Suppose -j = -11 + 15. List the prime factors of (-32)/(j + (0 - -3)).
2
Let z(h) = -11*h. Let g = 4 + -5. List the prime factors of z(g).
11
What are the prime factors of 4/18 + 176/18?
2, 5
Suppose 2*q - 225 = 133. List the prime factors of q.
179
Let w be ((-56)/20)/(2/(-10)). Let f(y) = -y**3 + 6*y**2 - 7*y + 3. Let i be f(5). Let z = w + i. List the prime factors of z.
7
Suppose 2*t + 4*c = c, 0 = 5*t - 3*c - 42. List the prime factors of ((-9)/t)/((-6)/16).
2
Suppose 5*t - 2*t + 5*k - 23 = 0, -t + 9 = k. List the prime factors of t.
11
Suppose -w + 29 = -0*w + 4*q, 69 = 3*w + 3*q. Suppose w = -0*x + x. What are the prime factors of x?
3, 7
Suppose 319 = 6*x - 215. What are the prime factors of x?
89
Let k be (5 - (1 - -1))/1. Suppose -5*n + k*n = -4. What are the prime factors of n?
2
Suppose 2*k + 0*k - f - 2 = 0, -10 = 2*k - 4*f. Suppose 7 = c - 5*m + 3, -5*c + k*m = -108. List the prime factors of c.
2, 3
Suppose 112 - 428 = -4*g. Suppose -15 = 5*b, -4*p - 2*b + g = p. What are the prime factors of p?
17
Suppose 24 = -5*k + 4. What are the prime factors of (-51)/6*k/2?
17
Let g(q) = 10*q - 6. Let f be g(4). Let r = -24 + f. List the prime factors of r.
2, 5
Let a = -2 + -1. Let m be (-3)/2*4/a. Suppose -75 = -3*n - m*n. List the prime factors of n.
3, 5
Suppose 2*s - 14 = -u + 16, s = -3*u + 110. List the prime factors of u.
2, 19
Let t = -203 - -378. List the prime factors of t.
5, 7
Let l be -1 + 3 + 2 + -3. Let s be (6/9)/(l/(-3)). List the prime factors of 10 - (-1)/(s + 1).
3
Suppose -4*o + 3 = x, 0*x - x - 3 = -2*o. Let t = o - -3. What are the prime factors of t?
2
Let q be (-31)/(-11) - 16/(-88). Suppose q - 24 = -3*x. What are the prime factors of x?
7
Let k(z) = z**3 - 9*z**2 + 2*z. Let y be k(9). Suppose 0*s - y = -3*s - 4*j, 0 = -4*s - 3*j + 17. Suppose -s*a = -9 + 1. What are the prime factors of a?
2
Let t(x) = x**3 + 19*x**2 + 17*x - 52. What are the prime factors of t(-17)?
3, 79
Let c be ((-4)/(-2))/((-4)/(-12)). Let r = 3 + c. What are the prime factors of ((-13)/(-3))/(3/r)?
13
Let k(s) = 3*s - 11. Let x be k(5). Let q = 10 - 6. Suppose x*y = -q*p + 24, 0 = -2*y - 5*p + 2 + 16. List the prime factors of y.
2
Suppose -5*d - 53 + 353 = 0. Suppose -o - 3*o + d = 0. List the prime factors of o.
3, 5
Let v(u) = u + 4. Let z be v(0). Suppose -z*a - 3*t + 15 + 53 = 0, -5*t + 51 = 3*a. What are the prime factors of a?
17
Suppose x = -2*x + 81. Let r be x/3 + 2 - 2. List the prime factors of (r/6*-2)/(-1).
3
Let u(s) be the second derivative of -s**3/6 - s**2 - 2*s. Suppose -d + 30 = -6*d. What are the prime factors of u(d)?
2
Let p(j) = -2*j + 1. Let b be (1 + -2 - 1)*3. What are the prime factors of p(b)?
13
Let x = -2 + 5. Suppose -4*n = -x*y + 76, 0 = 4*y + n + n - 72. List the prime factors of y.
2, 5
Suppose -4 = 2*g, g + 8 = -i - 2*i. Let j(v) = 5*v**2 - 3*v**2 - 2*v**3 - 5*v**2 - 3*v - 2. List the prime factors of j(i).
2
Let d be (-57)/2*(-16)/24. Suppose -n + 88 = 4*n + 2*w, -w = -n + d. List the prime factors of n.
2, 3
Suppose 2*b = -0*b + 14. Let g = b + 1. What are the prime factors of g?
2
Let t(j) = j**3 + 13*j**2 - j - 7. What are the prime factors of t(-13)?
2, 3
Let a(v) = v + 15. Let u be a(-7). Let o(f) = -f**2 + 11*f + 1. List the prime factors of o(u).
5
Let y = 3 + -1. Suppose -3*n + y = -4. What are the prime factors of n?
2
Suppose g = 3*t - 11, -5*t - g = g. Suppose t*m - 70 = -3*m. List the prime factors of m.
2, 7
Let b(f) = f + 1. Let r be b(4). What are the prime factors of (-26)/r*(2 - 7)?
2, 13
Suppose 3*x - 453 = -45. List the prime factors of x.
2, 17
Let c(j) = j**3 - 31. Let f be c(0). Let b = -15 - f. Suppose 5*l + b = 4*l - 4*w, -2*w = 10. List the prime factors of l.
2
Let a(i) = 7*i + 3. Suppose 0 = 2*o - 6. List the prime factors of a(o).
2, 3
Suppose -28*l + 24*l + 224 = 0. List the prime factors of l.
2, 7
Let f(c) = -c**2 - 9*c - 5. Suppose -2*i + 36 = -3*h, -i + 5*h + 28 = i. Suppose 0 = -5*u + u - i. List the prime factors of f(u).
13
Suppose -p = -5*a - 47, -3*p + 3*a + 205 = p. List the prime factors of p.
2, 13
Let x(l) = -l**2 - 7*l - 1. Let r be x(-6). Suppose 3*g - 7 - r = 0. List the prime factors of g.
2
Suppose -5*q = 5*r - 20, 2*r = -0*r. Suppose y + 1 = -2, 5*i = -q*y - 12. Suppose i = -5*k + 18 + 17. List the prime factors of k.
7
List the prime factors of (-6)/36*-1205 - (-1)/6.
3, 67
Let s(f) = -3*f + 8. Let a be s(6). Let b = 4 - a. What are the prime factors of b?
2, 7
Suppose -2*q + 9 = 3*v - 4, -2 = -2*v. List the prime factors of q.
5
Let a = -1 + 3. Let b(i) = -6*i + 3 + 3 + 2*i**a - i**2. List the prime factors of b(6).
2, 3
Suppose -b + j - 6 = 0, -2*b = 2*j - 7*j + 21. Let r(u) = -2*u**3 - 3*u**2 + 5*u + 4. What are the prime factors of r(b)?
2
Suppose 19 = 3*v - 2. Let x = -13 + v. What are the prime factors of (-64)/x - (-2)/(-3)?
2, 5
Let a be 1*6*(-3)/6. List the prime factors of 2/(-1*a/24).
2
Let l(a) = a**3 + a**2 + a - 1. Let s be l(1). Suppose -64 = w - 5*w. Suppose -54 = -5*m - b, 5*b + w = s*m - m. What are the prime factors of m?
11
Suppose 46*k = 41*k + 300. List the prime factors of k.
2, 3, 5
Let p = -5 - -8. Suppose -c - 40 = -p*c. Let m = c + -14. List the prime factors of m.
2, 3
Let o(q) = -q**2 - 8*q + 4. Let d(k) = -k**3 - 4*k**2 + 6*k - 1. Let l be d(-5). List the prime factors of o(l).
2
Suppose 0 = -2*j + 20 + 10. List the prime factors of 40/j*(-9)/(-2).
2, 3
Let w = -183 - -259. What are the prime factors of w?
2, 19
Let p(f) = f**3 - 2*f**2 + f. What are the prime factors of p(4)?
2, 3
Suppose 3*o + 444 = 5*o - 4*v, 5*v = 4*o - 903. What are the prime factors of o?
2, 29
Suppose 2*j - 5 - 3 = 0. Suppose 0 = 5*d - 8*a + 5*a - 186, -188 = -5*d + j*a. What are the prim